{"id":639,"date":"2024-01-06T14:36:20","date_gmt":"2024-01-06T14:36:20","guid":{"rendered":"http:\/\/www.tarumba.com\/?page_id=639"},"modified":"2026-02-06T19:38:41","modified_gmt":"2026-02-06T19:38:41","slug":"espectaculos","status":"publish","type":"page","link":"https:\/\/www.tarumba.com\/?page_id=639","title":{"rendered":"Espect\u00e1culos"},"content":{"rendered":"<div class=\"wp-block-image\">\n<figure class=\"aligncenter is-resized\"><img loading=\"lazy\" decoding=\"async\" width=\"724\" height=\"1024\" src=\"http:\/\/www.tarumba.com\/wp-content\/uploads\/2022\/11\/hAMLET-WEB-724x1024.jpg\" alt=\"\" class=\"wp-image-554\" style=\"width:263px;height:372px\" srcset=\"https:\/\/www.tarumba.com\/wp-content\/uploads\/2022\/11\/hAMLET-WEB-724x1024.jpg 724w, https:\/\/www.tarumba.com\/wp-content\/uploads\/2022\/11\/hAMLET-WEB-212x300.jpg 212w, https:\/\/www.tarumba.com\/wp-content\/uploads\/2022\/11\/hAMLET-WEB.jpg 842w\" sizes=\"auto, (max-width: 724px) 100vw, 724px\" \/><figcaption class=\"wp-element-caption\"><strong>&#8220;Hamlet&#8221; de William Shakespeare<\/strong><br><em><a href=\"https:\/\/www.tarumba.com\/?page_id=548\"><strong>Descubre m\u00e1s<\/strong><\/a><\/em><\/figcaption><\/figure>\n<\/div>\n\n<div class=\"wp-block-image\">\n<figure class=\"aligncenter is-resized\"><img loading=\"lazy\" decoding=\"async\" width=\"724\" height=\"1024\" src=\"http:\/\/www.tarumba.com\/wp-content\/uploads\/2024\/06\/Laberintos-724x1024.jpg\" alt=\"\" class=\"wp-image-1010\" style=\"width:312px;height:441px\" srcset=\"https:\/\/www.tarumba.com\/wp-content\/uploads\/2024\/06\/Laberintos-724x1024.jpg 724w, https:\/\/www.tarumba.com\/wp-content\/uploads\/2024\/06\/Laberintos-212x300.jpg 212w, https:\/\/www.tarumba.com\/wp-content\/uploads\/2024\/06\/Laberintos-768x1086.jpg 768w\" sizes=\"auto, (max-width: 724px) 100vw, 724px\" \/><figcaption class=\"wp-element-caption\">&#8220;Laberintos&#8221; de Jos\u00e9 Antonio Mart\u00ednez<br><strong><em><a href=\"http:\/\/www.tarumba.com\/?page_id=747\">Descubre m\u00e1s<\/a><\/em><\/strong><\/figcaption><\/figure>\n<\/div>\n\n<div class=\"wp-block-image\">\n<figure class=\"aligncenter is-resized\"><img loading=\"lazy\" decoding=\"async\" width=\"731\" height=\"1024\" src=\"http:\/\/www.tarumba.com\/wp-content\/uploads\/2013\/03\/Serendipia-P\u00f3ster-Defintivo-731x1024.jpg\" alt=\"\" class=\"wp-image-533\" style=\"width:268px;height:375px\" srcset=\"https:\/\/www.tarumba.com\/wp-content\/uploads\/2013\/03\/Serendipia-P\u00f3ster-Defintivo-731x1024.jpg 731w, https:\/\/www.tarumba.com\/wp-content\/uploads\/2013\/03\/Serendipia-P\u00f3ster-Defintivo-214x300.jpg 214w, https:\/\/www.tarumba.com\/wp-content\/uploads\/2013\/03\/Serendipia-P\u00f3ster-Defintivo.jpg 1134w\" sizes=\"auto, (max-width: 731px) 100vw, 731px\" \/><figcaption class=\"wp-element-caption\"><strong>&#8220;Serendipia&#8221; de Jos\u00e9 Antonio Mart\u00ednez<\/strong><br><strong><em><a href=\"https:\/\/www.tarumba.com\/?page_id=728\">Descubre m\u00e1s<\/a><\/em><\/strong><\/figcaption><\/figure>\n<\/div>\n\n<div class=\"wp-block-image\">\n<figure class=\"aligncenter is-resized\"><img loading=\"lazy\" decoding=\"async\" width=\"724\" height=\"1024\" src=\"http:\/\/www.tarumba.com\/wp-content\/uploads\/2024\/01\/CARTEL-724x1024.jpg\" alt=\"\" class=\"wp-image-684\" style=\"width:263px;height:372px\" srcset=\"https:\/\/www.tarumba.com\/wp-content\/uploads\/2024\/01\/CARTEL-724x1024.jpg 724w, https:\/\/www.tarumba.com\/wp-content\/uploads\/2024\/01\/CARTEL-212x300.jpg 212w, https:\/\/www.tarumba.com\/wp-content\/uploads\/2024\/01\/CARTEL-768x1086.jpg 768w, https:\/\/www.tarumba.com\/wp-content\/uploads\/2024\/01\/CARTEL.jpg 1587w\" sizes=\"auto, (max-width: 724px) 100vw, 724px\" \/><figcaption class=\"wp-element-caption\">&#8220;Popurr\u00ed Fars\u00e1ntico&#8221; de Jos\u00e9 Antonio Mart\u00ednez<br><em><strong><a href=\"https:\/\/www.tarumba.com\/?page_id=741\">Descubre m\u00e1s<\/a><\/strong><\/em><\/figcaption><\/figure>\n<\/div>\n\n<div class=\"wp-block-image\">\n<figure class=\"aligncenter is-resized\"><img loading=\"lazy\" decoding=\"async\" width=\"724\" height=\"1024\" src=\"http:\/\/www.tarumba.com\/wp-content\/uploads\/2024\/06\/IMG-20240605-WA0002-724x1024.jpg\" alt=\"\" class=\"wp-image-1014\" style=\"width:223px;height:315px\" srcset=\"https:\/\/www.tarumba.com\/wp-content\/uploads\/2024\/06\/IMG-20240605-WA0002-724x1024.jpg 724w, https:\/\/www.tarumba.com\/wp-content\/uploads\/2024\/06\/IMG-20240605-WA0002-212x300.jpg 212w, https:\/\/www.tarumba.com\/wp-content\/uploads\/2024\/06\/IMG-20240605-WA0002-768x1086.jpg 768w, https:\/\/www.tarumba.com\/wp-content\/uploads\/2024\/06\/IMG-20240605-WA0002.jpg 1131w\" sizes=\"auto, (max-width: 724px) 100vw, 724px\" \/><figcaption class=\"wp-element-caption\">&#8220;Dramma Mia&#8221; per Voler Teatre<br><br><strong><em><a href=\"http:\/\/www.tarumba.com\/?page_id=1016\">Descubre M\u00e1s<\/a><\/em><\/strong><\/figcaption><\/figure>\n<\/div>\n\n<div class=\"wp-block-image\">\n<figure class=\"aligncenter is-resized\"><img loading=\"lazy\" decoding=\"async\" width=\"724\" height=\"1024\" src=\"http:\/\/www.tarumba.com\/wp-content\/uploads\/2024\/06\/CARTEL-LA-MAGIA-DE-LA-LUNA-1-1-724x1024.jpg\" alt=\"\" class=\"wp-image-992\" style=\"width:269px;height:380px\" srcset=\"https:\/\/www.tarumba.com\/wp-content\/uploads\/2024\/06\/CARTEL-LA-MAGIA-DE-LA-LUNA-1-1-724x1024.jpg 724w, https:\/\/www.tarumba.com\/wp-content\/uploads\/2024\/06\/CARTEL-LA-MAGIA-DE-LA-LUNA-1-1-212x300.jpg 212w, https:\/\/www.tarumba.com\/wp-content\/uploads\/2024\/06\/CARTEL-LA-MAGIA-DE-LA-LUNA-1-1-768x1086.jpg 768w\" sizes=\"auto, (max-width: 724px) 100vw, 724px\" \/><figcaption class=\"wp-element-caption\">&#8220;La Magia de la Luna&#8221; de Jos\u00e9 Antonio Mart\u00ednez<br><strong><em><a href=\"http:\/\/www.tarumba.com\/?page_id=971\">Descubre m\u00e1s<\/a><\/em><\/strong><\/figcaption><\/figure>\n<\/div>\n\n<div class=\"wp-block-image\">\n<figure class=\"aligncenter is-resized\"><img loading=\"lazy\" decoding=\"async\" width=\"741\" height=\"1024\" src=\"http:\/\/www.tarumba.com\/wp-content\/uploads\/2024\/06\/WhatsApp-Image-2024-05-27-at-18.14.58-1-741x1024.jpeg\" alt=\"\" class=\"wp-image-1002\" style=\"width:285px;height:394px\" srcset=\"https:\/\/www.tarumba.com\/wp-content\/uploads\/2024\/06\/WhatsApp-Image-2024-05-27-at-18.14.58-1-741x1024.jpeg 741w, https:\/\/www.tarumba.com\/wp-content\/uploads\/2024\/06\/WhatsApp-Image-2024-05-27-at-18.14.58-1-217x300.jpeg 217w, https:\/\/www.tarumba.com\/wp-content\/uploads\/2024\/06\/WhatsApp-Image-2024-05-27-at-18.14.58-1-768x1061.jpeg 768w, https:\/\/www.tarumba.com\/wp-content\/uploads\/2024\/06\/WhatsApp-Image-2024-05-27-at-18.14.58-1.jpeg 1158w\" sizes=\"auto, (max-width: 741px) 100vw, 741px\" \/><figcaption class=\"wp-element-caption\">&#8220;Totus Plautus (Pam Dalt Pam Baix)&#8221; de Jos\u00e9 Antonio Mart\u00ednez<br><em><strong><a href=\"https:\/\/www.tarumba.com\/?page_id=1003\">Descubre m\u00e1s<\/a><\/strong><\/em><\/figcaption><\/figure>\n<\/div>\n\n<div class=\"wp-block-image is-style-default\">\n<figure class=\"aligncenter size-large is-resized\" id=\"block-4411ff11-575c-4b4d-a810-a7ea28c07c2e\"><img loading=\"lazy\" decoding=\"async\" width=\"695\" height=\"1024\" src=\"http:\/\/www.tarumba.com\/wp-content\/uploads\/2026\/02\/CARTEL-ESCENAMATEUR-695x1024.jpg\" alt=\"\" class=\"wp-image-1135\" style=\"width:277px;height:auto\" srcset=\"https:\/\/www.tarumba.com\/wp-content\/uploads\/2026\/02\/CARTEL-ESCENAMATEUR-695x1024.jpg 695w, https:\/\/www.tarumba.com\/wp-content\/uploads\/2026\/02\/CARTEL-ESCENAMATEUR-204x300.jpg 204w, https:\/\/www.tarumba.com\/wp-content\/uploads\/2026\/02\/CARTEL-ESCENAMATEUR-768x1131.jpg 768w, https:\/\/www.tarumba.com\/wp-content\/uploads\/2026\/02\/CARTEL-ESCENAMATEUR-1043x1536.jpg 1043w, https:\/\/www.tarumba.com\/wp-content\/uploads\/2026\/02\/CARTEL-ESCENAMATEUR.jpg 1086w\" sizes=\"auto, (max-width: 695px) 100vw, 695px\" \/><figcaption class=\"wp-element-caption\">&#8220;Destellos en la Oscuridad&#8221; de Jos\u00e9 Antonio Mart\u00ednez<br><em><strong><a href=\"https:\/\/www.tarumba.com\/?page_id=1134\" target=\"_blank\" rel=\"noreferrer noopener\">Descubre m\u00e1s<\/a><\/strong><\/em><\/figcaption><\/figure>\n<\/div>","protected":false},"excerpt":{"rendered":"","protected":false},"author":4,"featured_media":0,"parent":0,"menu_order":0,"comment_status":"closed","ping_status":"closed","template":"","meta":{"footnotes":""},"class_list":["post-639","page","type-page","status-publish","hentry"],"_links":{"self":[{"href":"https:\/\/www.tarumba.com\/index.php?rest_route=\/wp\/v2\/pages\/639","targetHints":{"allow":["GET"]}}],"collection":[{"href":"https:\/\/www.tarumba.com\/index.php?rest_route=\/wp\/v2\/pages"}],"about":[{"href":"https:\/\/www.tarumba.com\/index.php?rest_route=\/wp\/v2\/types\/page"}],"author":[{"embeddable":true,"href":"https:\/\/www.tarumba.com\/index.php?rest_route=\/wp\/v2\/users\/4"}],"replies":[{"embeddable":true,"href":"https:\/\/www.tarumba.com\/index.php?rest_route=%2Fwp%2Fv2%2Fcomments&post=639"}],"version-history":[{"count":23,"href":"https:\/\/www.tarumba.com\/index.php?rest_route=\/wp\/v2\/pages\/639\/revisions"}],"predecessor-version":[{"id":1155,"href":"https:\/\/www.tarumba.com\/index.php?rest_route=\/wp\/v2\/pages\/639\/revisions\/1155"}],"wp:attachment":[{"href":"https:\/\/www.tarumba.com\/index.php?rest_route=%2Fwp%2Fv2%2Fmedia&parent=639"}],"curies":[{"name":"wp","href":"https:\/\/api.w.org\/{rel}","templated":true}]}}